{"id":82745,"date":"2025-02-14T16:07:32","date_gmt":"2025-02-14T15:07:32","guid":{"rendered":"https:\/\/ksdziesiatka.pl\/old\/?page_id=82745"},"modified":"2026-02-07T18:10:36","modified_gmt":"2026-02-07T17:10:36","slug":"rezultaty-i-regulaminy-2025","status":"publish","type":"page","link":"https:\/\/ksdziesiatka.pl\/old\/rezultaty-i-regulaminy-2025\/","title":{"rendered":"Rezultaty i Regulaminy 2025"},"content":{"rendered":"\n<p class=\"has-small-font-size\">Wszystkie zawody s\u0105 zg\u0142oszone do kalendarza \u0141\u00f3dzkiego Zwi\u0105zku Strzelectwa Sportowego<\/p>\n\n\n\n<p>Wyniki zawod\u00f3w dost\u0119pne na <a href=\"https:\/\/smartstrzelnica.pl\/rezultaty\/\">https:\/\/smartstrzelnica.pl\/rezultaty\/<\/a><\/p>\n\n\n\n<p>Regulaminy:<br>&gt;&gt;&gt;<a href=\"https:\/\/ksdziesiatka.pl\/old\/wp-content\/uploads\/2025\/02\/dziesiatka2025.pdf\" data-type=\"URL\" data-id=\"https:\/\/ksdziesiatka.pl\/old\/wp-content\/uploads\/2025\/02\/dziesiatka2025.pdf\" target=\"_blank\" rel=\"noreferrer noopener\">Zawody Klubowe &#8211; Regulamin<\/a><br>&gt;&gt;&gt;<a href=\"https:\/\/ksdziesiatka.pl\/old\/wp-content\/uploads\/2025\/03\/dziesiatka_d2025.pdf\" data-type=\"URL\" data-id=\"https:\/\/ksdziesiatka.pl\/old\/wp-content\/uploads\/2025\/03\/dziesiatka_d2025.pdf\" target=\"_blank\" rel=\"noreferrer noopener\">Zawody Klubowe Dynamika &#8211; Regulamin<\/a><br>&gt;&gt;&gt;<a href=\"https:\/\/ksdziesiatka.pl\/old\/wp-content\/uploads\/2025\/12\/dziesiatka29122025.pdf\" data-type=\"link\" data-id=\"https:\/\/ksdziesiatka.pl\/old\/wp-content\/uploads\/2025\/12\/dziesiatka29122025.pdf\" target=\"_blank\" rel=\"noreferrer noopener\">Zawody Klubowe Ostatniej Szansy<\/a><br>Informatory do zawod\u00f3w dynamicznych:<br>&gt;&gt;&gt;<a href=\"https:\/\/ksdziesiatka.pl\/old\/wp-content\/uploads\/2025\/03\/1.jpg\" data-type=\"URL\" data-id=\"https:\/\/ksdziesiatka.pl\/old\/wp-content\/uploads\/2025\/03\/1.jpg\" target=\"_blank\" rel=\"noreferrer noopener\">Zawody Klubowe Szybka Akcja &#8211; informator 26 lutego 2025<\/a><br>&gt;&gt;&gt;<a href=\"https:\/\/ksdziesiatka.pl\/old\/wp-content\/uploads\/2025\/03\/483534898_3344790832318670_5917130845421424227_n.jpg\" data-type=\"URL\" data-id=\"https:\/\/ksdziesiatka.pl\/old\/wp-content\/uploads\/2025\/03\/483534898_3344790832318670_5917130845421424227_n.jpg\" target=\"_blank\" rel=\"noreferrer noopener\">Zawody Klubowe Poka\u017c Co Potrafisz &#8211; informator 26 marca 2025<\/a><br>&gt;&gt;&gt;<a href=\"https:\/\/ksdziesiatka.pl\/old\/wp-content\/uploads\/2025\/03\/486604795_1206876564778052_4573132689960373280_n.jpg\" data-type=\"link\" data-id=\"https:\/\/ksdziesiatka.pl\/old\/wp-content\/uploads\/2025\/03\/486604795_1206876564778052_4573132689960373280_n.jpg\">Zawody Klubowe Pb vs Fe, \u0141\u00f3d\u017a 23 kwietnia 2025<\/a><br>&gt;&gt;&gt;<a href=\"https:\/\/ksdziesiatka.pl\/old\/wp-content\/uploads\/2025\/05\/495580258_3409212575876495_3036906865237541901_n.jpg\" data-type=\"link\" data-id=\"https:\/\/ksdziesiatka.pl\/old\/wp-content\/uploads\/2025\/05\/495580258_3409212575876495_3036906865237541901_n.jpg\" target=\"_blank\" rel=\"noreferrer noopener\">Zawody Klubowe Miniriflegun, \u0141\u00f3d\u017a 28 maja 2025<\/a><br>&gt;&gt;&gt;<a href=\"https:\/\/ksdziesiatka.pl\/old\/wp-content\/uploads\/2025\/06\/511301428_1285858690213172_5406463884087345829_n.jpg\" data-type=\"link\" data-id=\"https:\/\/ksdziesiatka.pl\/old\/wp-content\/uploads\/2025\/06\/511301428_1285858690213172_5406463884087345829_n.jpg\" target=\"_blank\" rel=\"noreferrer noopener\">Zawody Klubowe \u015arutowisko, \u0141\u00f3d\u017a 25 czerwca 2025<\/a><br>&gt;&gt;&gt;<a href=\"https:\/\/ksdziesiatka.pl\/old\/wp-content\/uploads\/2025\/08\/534306298_3534403030024115_4616049036822339059_n.jpg\" data-type=\"link\" data-id=\"https:\/\/ksdziesiatka.pl\/old\/wp-content\/uploads\/2025\/08\/534306298_3534403030024115_4616049036822339059_n.jpg\" target=\"_blank\" rel=\"noreferrer noopener\">Zawody Klubowe Heat, \u0141\u00f3d\u017a 27 sierpnia 2025<\/a><br>&gt;&gt;&gt;<a href=\"https:\/\/ksdziesiatka.pl\/old\/wp-content\/uploads\/2025\/09\/a2ae11fd-3f8c-4517-99ce-b38e10a5183f.jpg\" data-type=\"link\" data-id=\"https:\/\/ksdziesiatka.pl\/old\/wp-content\/uploads\/2025\/09\/a2ae11fd-3f8c-4517-99ce-b38e10a5183f.jpg\" target=\"_blank\" rel=\"noreferrer noopener\">Zawody Klubowe Ka\u017cdy Trafi, \u0141\u00f3d\u017a 24 wrze\u015bnia 2025<\/a><br>&gt;&gt;&gt;<a href=\"https:\/\/ksdziesiatka.pl\/old\/wp-content\/uploads\/2025\/10\/567746664_1182568147059349_813158664849123609_n.jpg\" data-type=\"link\" data-id=\"https:\/\/ksdziesiatka.pl\/old\/wp-content\/uploads\/2025\/10\/567746664_1182568147059349_813158664849123609_n.jpg\">Zawody Klubowe 3w1, \u0141\u00f3d\u017a 29 pa\u017adziernika 2025<\/a><br>&gt;&gt;&gt;Zawody Klubowe Kill Zombie, \u0141\u00f3d\u017a 26 listopada 2025<br>&gt;&gt;&gt;Zawody Klubowe Zimno Strzelaj, \u0141\u00f3d\u017a 8 grudnia 2025<\/p>\n\n\n\n<p>Wyniki:<br>Zawody Statyczne:<br>&gt;&gt;&gt;<a href=\"https:\/\/ksdziesiatka.pl\/old\/wp-content\/uploads\/2025\/02\/rezultatyDZIESIATKA20250115-2.pdf\" data-type=\"URL\" data-id=\"https:\/\/ksdziesiatka.pl\/old\/wp-content\/uploads\/2025\/02\/rezultatyDZIESIATKA20250115-2.pdf\" target=\"_blank\" rel=\"noreferrer noopener\">Zawody Klubowe, \u0141\u00f3d\u017a 15 stycznia 2025<\/a><br>&gt;&gt;&gt;<a href=\"https:\/\/ksdziesiatka.pl\/old\/wp-content\/uploads\/2025\/02\/rezultatyDZIESIATKA20250212-1.pdf\" data-type=\"URL\" data-id=\"https:\/\/ksdziesiatka.pl\/old\/wp-content\/uploads\/2025\/02\/rezultatyDZIESIATKA20250212-1.pdf\" target=\"_blank\" rel=\"noreferrer noopener\">Zawody Klubowe, \u0141\u00f3d\u017a 12 lutego 2025<\/a><br>&gt;&gt;&gt;<a href=\"https:\/\/ksdziesiatka.pl\/old\/wp-content\/uploads\/2025\/03\/rezultatyDZIESIATKA20250312.pdf\" data-type=\"URL\" data-id=\"https:\/\/ksdziesiatka.pl\/old\/wp-content\/uploads\/2025\/03\/rezultatyDZIESIATKA20250312.pdf\" target=\"_blank\" rel=\"noreferrer noopener\">Zawody Klubowe, \u0141\u00f3d\u017a 12 marca 2025<\/a><br>&gt;&gt;&gt;<a href=\"https:\/\/ksdziesiatka.pl\/old\/wp-content\/uploads\/2025\/04\/rezultatyDZIESIATKA09042025.pdf\" data-type=\"link\" data-id=\"https:\/\/ksdziesiatka.pl\/old\/wp-content\/uploads\/2025\/04\/rezultatyDZIESIATKA09042025.pdf\">Zawody Klubowe, \u0141\u00f3d\u017a 9 kwietnia 2025<\/a><br>&gt;&gt;&gt;<a href=\"https:\/\/ksdziesiatka.pl\/old\/wp-content\/uploads\/2025\/05\/rezultatyDZIESIATKA20250514.pdf\" data-type=\"link\" data-id=\"https:\/\/ksdziesiatka.pl\/old\/wp-content\/uploads\/2025\/05\/rezultatyDZIESIATKA20250514.pdf\" target=\"_blank\" rel=\"noreferrer noopener\">Zawody Klubowe, \u0141\u00f3d\u017a 14 maja 2025<\/a><br>&gt;&gt;&gt;<a href=\"https:\/\/ksdziesiatka.pl\/old\/wp-content\/uploads\/2025\/06\/rezultatyDZIESIATKA20250611.pdf\" data-type=\"link\" data-id=\"https:\/\/ksdziesiatka.pl\/old\/wp-content\/uploads\/2025\/06\/rezultatyDZIESIATKA20250611.pdf\" target=\"_blank\" rel=\"noreferrer noopener\">Zawody Klubowe, \u0141\u00f3d\u017a 11 czerwca 2025<\/a><br>&gt;&gt;&gt;<a href=\"https:\/\/ksdziesiatka.pl\/old\/wp-content\/uploads\/2025\/08\/rezultatyDZIESIATKA20250813.pdf\" data-type=\"link\" data-id=\"https:\/\/ksdziesiatka.pl\/old\/wp-content\/uploads\/2025\/08\/rezultatyDZIESIATKA20250813.pdf\" target=\"_blank\" rel=\"noreferrer noopener\">Zawody Klubowe, \u0141\u00f3d\u017a 13 sierpnia 2025<\/a><br>&gt;&gt;&gt;<a href=\"https:\/\/ksdziesiatka.pl\/old\/wp-content\/uploads\/2025\/09\/rezultatyDZIESIATKA20250910.pdf\" data-type=\"link\" data-id=\"https:\/\/ksdziesiatka.pl\/old\/wp-content\/uploads\/2025\/09\/rezultatyDZIESIATKA20250910.pdf\" target=\"_blank\" rel=\"noreferrer noopener\">Zawody Klubowe, \u0141\u00f3d\u017a 10 wrze\u015bnia 2025<\/a><br>&gt;&gt;&gt;<a href=\"https:\/\/ksdziesiatka.pl\/old\/wp-content\/uploads\/2025\/10\/rezultatyDZIESIATKALODZ20251015.pdf\" data-type=\"link\" data-id=\"https:\/\/ksdziesiatka.pl\/old\/wp-content\/uploads\/2025\/10\/rezultatyDZIESIATKALODZ20251015.pdf\" target=\"_blank\" rel=\"noreferrer noopener\">Zawody Klubowe, \u0141\u00f3d\u017a 15 pa\u017adziernika 2025<\/a><br>&gt;&gt;&gt;<a href=\"https:\/\/ksdziesiatka.pl\/old\/wp-content\/uploads\/2025\/12\/rezultatyDZIESIATKALODZ20251112.pdf\" data-type=\"link\" data-id=\"https:\/\/ksdziesiatka.pl\/old\/wp-content\/uploads\/2025\/12\/rezultatyDZIESIATKALODZ20251112.pdf\" target=\"_blank\" rel=\"noreferrer noopener\">Zawody Klubowe, \u0141\u00f3d\u017a 12 listopada 2025<\/a><br>&gt;&gt;&gt;<a href=\"https:\/\/ksdziesiatka.pl\/old\/wp-content\/uploads\/2025\/12\/rezultatyDZIESIATKALODZ20251217.pdf\" data-type=\"link\" data-id=\"https:\/\/ksdziesiatka.pl\/old\/wp-content\/uploads\/2025\/12\/rezultatyDZIESIATKALODZ20251217.pdf\" target=\"_blank\" rel=\"noreferrer noopener\">Zawody Klubowe, \u0141\u00f3d\u017a 17 grudnia 2025<\/a><br>&gt;&gt;&gt;<a href=\"https:\/\/ksdziesiatka.pl\/old\/wp-content\/uploads\/2026\/01\/rezultatyDZIESIATKALODZ20251229.pdf\" data-type=\"link\" data-id=\"https:\/\/ksdziesiatka.pl\/old\/wp-content\/uploads\/2026\/01\/rezultatyDZIESIATKALODZ20251229.pdf\" target=\"_blank\" rel=\"noreferrer noopener\">Zawody Klubowe Ostatniej Szansy<\/a><\/p>\n\n\n\n<p>Zawody Dynamiczne:<br>&gt;&gt;&gt;<a href=\"https:\/\/ksdziesiatka.pl\/old\/wp-content\/uploads\/2025\/03\/rezultatyDZIESIATKA20250226.pdf\" data-type=\"URL\" data-id=\"https:\/\/ksdziesiatka.pl\/old\/wp-content\/uploads\/2025\/03\/rezultatyDZIESIATKA20250226.pdf\" target=\"_blank\" rel=\"noreferrer noopener\">Zawody Klubowe Szybka Akcja, \u0141\u00f3d\u017a 26 Lutego 2025<\/a><br>&gt;&gt;&gt;<a href=\"https:\/\/ksdziesiatka.pl\/old\/wp-content\/uploads\/2025\/03\/rezultatyDZIESIATKA26032025.pdf\" data-type=\"link\" data-id=\"https:\/\/ksdziesiatka.pl\/old\/wp-content\/uploads\/2025\/03\/rezultatyDZIESIATKA26032025.pdf\">Zawody Klubowe Poka\u017c Co Potrafisz, \u0141\u00f3d\u017a 26 marca 2025<\/a><br>&gt;&gt;&gt;<a href=\"https:\/\/ksdziesiatka.pl\/old\/wp-content\/uploads\/2025\/04\/rezultatyDZIESIATKA20250423.pdf\" data-type=\"link\" data-id=\"https:\/\/ksdziesiatka.pl\/old\/wp-content\/uploads\/2025\/04\/rezultatyDZIESIATKA20250423.pdf\" target=\"_blank\" rel=\"noreferrer noopener\">Zawody Klubowe Pb vs Fe, \u0141\u00f3d\u017a 23 kwietnia 2025<\/a><br>&gt;&gt;&gt;<a href=\"https:\/\/ksdziesiatka.pl\/old\/wp-content\/uploads\/2025\/05\/rezultatyDZIESIATKA20250528.pdf\" data-type=\"link\" data-id=\"https:\/\/ksdziesiatka.pl\/old\/wp-content\/uploads\/2025\/05\/rezultatyDZIESIATKA20250528.pdf\" target=\"_blank\" rel=\"noreferrer noopener\">Zawody Klubowe Miniriflegun, \u0141\u00f3d\u017a 28 maja 2025<\/a><br>&gt;&gt;&gt;<a href=\"https:\/\/ksdziesiatka.pl\/old\/wp-content\/uploads\/2025\/06\/rezultatyDZIESIATKA20250625.pdf\" data-type=\"link\" data-id=\"https:\/\/ksdziesiatka.pl\/old\/wp-content\/uploads\/2025\/06\/rezultatyDZIESIATKA20250625.pdf\" target=\"_blank\" rel=\"noreferrer noopener\">Zawody Klubowe \u015arutowisko, \u0141\u00f3d\u017a 25 czerwca 2025<\/a><br>&gt;&gt;&gt;<a href=\"https:\/\/ksdziesiatka.pl\/old\/wp-content\/uploads\/2025\/08\/rezultatyDZIESIATKA20250827.pdf\" data-type=\"link\" data-id=\"https:\/\/ksdziesiatka.pl\/old\/wp-content\/uploads\/2025\/08\/rezultatyDZIESIATKA20250827.pdf\" target=\"_blank\" rel=\"noreferrer noopener\">Zawody Klubowe Heat, \u0141\u00f3d\u017a 27 sierpnia 2025<\/a><br>&gt;&gt;&gt;<a href=\"https:\/\/ksdziesiatka.pl\/old\/wp-content\/uploads\/2025\/09\/rezultatyDZIESIATKALODZ20250924.pdf\" data-type=\"link\" data-id=\"https:\/\/ksdziesiatka.pl\/old\/wp-content\/uploads\/2025\/09\/rezultatyDZIESIATKALODZ20250924.pdf\" target=\"_blank\" rel=\"noreferrer noopener\">Zawody Klubowe Ka\u017cdy Trafi, \u0141\u00f3d\u017a 24 wrze\u015bnia 2025<\/a><br>&gt;&gt;&gt;<a href=\"https:\/\/ksdziesiatka.pl\/old\/wp-content\/uploads\/2025\/10\/rezultatyDZIESIATKALODZ20251029.pdf\" data-type=\"link\" data-id=\"https:\/\/ksdziesiatka.pl\/old\/wp-content\/uploads\/2025\/10\/rezultatyDZIESIATKALODZ20251029.pdf\">Zawody Klubowe 3w1, \u0141\u00f3d\u017a 29 pa\u017adziernika 2025<\/a><br>&gt;&gt;&gt;<a href=\"https:\/\/ksdziesiatka.pl\/old\/wp-content\/uploads\/2025\/11\/rezultatyDZIESIATKALODZ20251126.pdf\" data-type=\"link\" data-id=\"https:\/\/ksdziesiatka.pl\/old\/wp-content\/uploads\/2025\/11\/rezultatyDZIESIATKALODZ20251126.pdf\" target=\"_blank\" rel=\"noreferrer noopener\">Zawody Klubowe Kill Zombie, \u0141\u00f3d\u017a 26 listopada 2025<\/a><br>&gt;&gt;&gt;<a href=\"https:\/\/ksdziesiatka.pl\/old\/wp-content\/uploads\/2025\/12\/dziesiatka8122025.pdf\" data-type=\"link\" data-id=\"https:\/\/ksdziesiatka.pl\/old\/wp-content\/uploads\/2025\/12\/dziesiatka8122025.pdf\" target=\"_blank\" rel=\"noreferrer noopener\">Zawody Klubowe Zimno Strzelaj, \u0141\u00f3d\u017a 8 grudnia 2025<\/a><\/p>\n\n\n\n<p><\/p>\n","protected":false},"excerpt":{"rendered":"<p>Wszystkie zawody s\u0105 zg\u0142oszone do kalendarza \u0141\u00f3dzkiego Zwi\u0105zku Strzelectwa Sportowego Wyniki zawod\u00f3w dost\u0119pne na https:\/\/smartstrzelnica.pl\/rezultaty\/ Regulaminy:&gt;&gt;&gt;Zawody Klubowe &#8211; Regulamin&gt;&gt;&gt;Zawody Klubowe Dynamika &#8211; Regulamin&gt;&gt;&gt;Zawody Klubowe Ostatniej SzansyInformatory do zawod\u00f3w dynamicznych:&gt;&gt;&gt;Zawody Klubowe Szybka Akcja &#8211; informator 26 lutego 2025&gt;&gt;&gt;Zawody Klubowe Poka\u017c Co &hellip; <a href=\"https:\/\/ksdziesiatka.pl\/old\/rezultaty-i-regulaminy-2025\/\">Czytaj dalej <span class=\"meta-nav\">&rarr;<\/span><\/a><\/p>\n","protected":false},"author":9,"featured_media":0,"parent":0,"menu_order":0,"comment_status":"closed","ping_status":"closed","template":"","meta":{"footnotes":""},"class_list":["post-82745","page","type-page","status-publish","hentry"],"_links":{"self":[{"href":"https:\/\/ksdziesiatka.pl\/old\/wp-json\/wp\/v2\/pages\/82745","targetHints":{"allow":["GET"]}}],"collection":[{"href":"https:\/\/ksdziesiatka.pl\/old\/wp-json\/wp\/v2\/pages"}],"about":[{"href":"https:\/\/ksdziesiatka.pl\/old\/wp-json\/wp\/v2\/types\/page"}],"author":[{"embeddable":true,"href":"https:\/\/ksdziesiatka.pl\/old\/wp-json\/wp\/v2\/users\/9"}],"replies":[{"embeddable":true,"href":"https:\/\/ksdziesiatka.pl\/old\/wp-json\/wp\/v2\/comments?post=82745"}],"version-history":[{"count":44,"href":"https:\/\/ksdziesiatka.pl\/old\/wp-json\/wp\/v2\/pages\/82745\/revisions"}],"predecessor-version":[{"id":83008,"href":"https:\/\/ksdziesiatka.pl\/old\/wp-json\/wp\/v2\/pages\/82745\/revisions\/83008"}],"wp:attachment":[{"href":"https:\/\/ksdziesiatka.pl\/old\/wp-json\/wp\/v2\/media?parent=82745"}],"curies":[{"name":"wp","href":"https:\/\/api.w.org\/{rel}","templated":true}]}}